28 + 1*-1. Calculate the greatest common factor of 22 and h.
11
Suppose 0 = 3*p + p. Suppose p = -4*v - 4 + 36. Let c = -5 + v. Calculate the highest common divisor of 1 and c.
1
Let s(w) = w**2 + 8*w - 38. Let v be s(-12). Let q(y) = -3*y - 5. Let l be q(-5). What is the highest common factor of v and l?
10
Let o be (-1)/(-2) - 9/(-6). Suppose 9 = 3*k - 3*t, -k + 2*t = -2 - o. What is the greatest common divisor of 18 and k?
2
Suppose 5*u - 6 = -1. Let p(x) = 15*x - 6. Let t be p(1). What is the greatest common factor of t and u?
1
Let w(d) = d**2 - 7*d + 4. Let g be w(8). What is the greatest common factor of g and 36?
12
Let t = 597 - 217. Let j = -7 + 13. Suppose j*k = k + t. Calculate the greatest common divisor of k and 19.
19
Let v(g) = -2*g - 1. Let k be v(-3). Let b = 102 + -47. What is the highest common factor of k and b?
5
Let y be 2/((20/6)/5). Suppose 3*z = -3*x + 30, -z - 4*z = y*x - 38. Suppose x*j - 128 = 2*j. What is the highest common divisor of j and 16?
16
Let w be 2/(-4)*(22 - 20)*-19. What is the greatest common divisor of 1 and w?
1
Suppose g + 2*l + 5 = -2*l, 3*g = 4*l + 65. Let m be (10/g)/(4/54). What is the greatest common divisor of m and 63?
9
Let b(r) = r**3 - 10*r**2 + 19*r - 10. Let m be b(8). Calculate the greatest common divisor of 28 and m.
14
Let l(n) be the third derivative of -n**5/60 - 11*n**4/24 + 4*n**3/3 + 2*n**2. Let s be l(-7). Calculate the highest common factor of 12 and s.
12
Let p(z) = -2*z**3 + 68*z**2 + 66*z + 152. Let l be p(35). Let j be (-48)/(-1) - 0/2. Calculate the highest common factor of j and l.
12
Suppose 0 = -8*x + 774 - 270. Calculate the greatest common divisor of x and 105.
21
Let l be 2/(-3)*(-60)/2. Let s be (-170)/2*(-4)/10. Suppose -5*p - s = -2*y + l, 2*y + p - 42 = 0. What is the highest common factor of 11 and y?
11
Let g(a) = a**2 - 7*a + 5. Let x be g(5). Let f be x/((-15)/6) - -3. Suppose -f*m + m = -336. What is the highest common divisor of m and 12?
12
Let z = -12 + 58. What is the greatest common factor of z and 23?
23
Suppose 4*z = -n + 6, 5*n - 4*z + 18 + 48 = 0. Let j be (16/6)/(n/(-330)). Calculate the greatest common divisor of 11 and j.
11
Let j = -675 - -1081. Let t = j + 123. Suppose -3*v - p = -t + 6, 0 = -p - 5. What is the greatest common divisor of v and 22?
22
Let q = 162 + -52. What is the highest common factor of 66 and q?
22
Let c be 2 + 20 + 8/(-4). Suppose -3*w + c = -4. Calculate the highest common divisor of w and 8.
8
Let t = -72 - -129. Let h = -40 + t. Calculate the highest common divisor of h and 119.
17
Let k = -18 - -35. Suppose 2 = 2*d - 3*m, -4*d + 6*d - 2 = -3*m. Let x = k + d. Calculate the highest common factor of 18 and x.
18
Let w = 38 + -26. What is the greatest common divisor of 12 and w?
12
Suppose 0*m = -m + 94. Let v be (-2)/(-3 + m/32). Suppose 16 + v = 3*c. What is the highest common divisor of c and 4?
4
Suppose 2*d + 1 = 13. Let f = -10 + 14. Calculate the greatest common divisor of d and f.
2
Suppose 240 = p + p. Let a = -60 - -84. Calculate the greatest common factor of p and a.
24
Suppose 3*q - 129 = -y, 3*q - 144 = 3*y + y. What is the highest common factor of q and 66?
22
Let k = 1 + -5. Let c be -6*((-28)/k)/(-1). What is the greatest common divisor of 6 and c?
6
Suppose 3*h - 108 = -h. Let c = 35 + -17. Calculate the greatest common divisor of h and c.
9
Let u = 36 + -14. Let p be (-2)/(-6) + 294/9. What is the highest common divisor of p and u?
11
Let j(n) = -n + n - n - 5 + 9*n**2 + n**3. Let b be j(-9). Suppose -19 + 59 = 4*i. Calculate the highest common divisor of b and i.
2
Suppose -z - 334 = -5*m + 3*z, 2*m = -z + 131. What is the greatest common factor of 22 and m?
22
Let m be (-20)/(-4)*4/10. Let p be -3 + m + (-2)/1. Let g(f) = -3*f + 3. Let r be g(p). Calculate the greatest common factor of 30 and r.
6
Let k(p) = -p**3 - 3*p**2 - 4*p + 1. Let d be k(-3). What is the greatest common divisor of d and 26?
13
Suppose -f - 3*i = -8, 3*f = i - 0*i + 14. Suppose -3*s + 3*a + 162 = 0, s - 115 = -s - f*a. Calculate the greatest common factor of 22 and s.
11
Suppose -2 - 76 = -2*p. What is the greatest common divisor of p and 39?
39
Let u = -60 - -96. Calculate the highest common divisor of u and 36.
36
Let k = 93 + -75. Calculate the greatest common divisor of 45 and k.
9
Let m(v) = 6*v + 7. Let y be m(3). Calculate the highest common factor of 75 and y.
25
Let h = -9 - 20. Let f = -21 - h. What is the greatest common divisor of f and 32?
8
Suppose 5*s = 4*q + 53 - 3, 2*s + 3*q + 3 = 0. Suppose -3*n + 6 = -2*n. What is the greatest common factor of n and s?
6
Suppose 0 = -o + 6*o - 20. Let t be ((-4)/6)/(o/(-12)). Suppose t*j = -j + 72. What is the greatest common divisor of 168 and j?
24
Let a = -171 + 315. What is the highest common factor of 12 and a?
12
Let c be (-1)/3 - (-2)/6. Suppose 5*v - 46 - 174 = c. What is the highest common factor of v and 11?
11
Suppose u = 5*u - 84. Calculate the greatest common divisor of u and 21.
21
Let h be 51/(5*(-3)/(-10)). What is the highest common divisor of 136 and h?
34
Let q = -75 - -131. Suppose -4*r - 3*z = -14, 0*r = -r - z + 4. Suppose -5 = -r*x + 11. What is the greatest common factor of q and x?
8
Let j be (108/(-8))/(3/(-4)). Let v be -2 + 29*(-1 + 2). Calculate the highest common factor of v and j.
9
Let v(m) = -4*m - 3. Let s be v(3). Let i be s/10*(-44)/6. Suppose 4*z - i = 5. Calculate the highest common factor of 12 and z.
4
Let r = -23 + 41. Suppose -4*s + 42 + r = 0. Suppose 0 = 4*o + 4*q - 520, -3*o + 0*o + q + 410 = 0. What is the highest common divisor of s and o?
15
Let a(o) = o - 3 - 2 + 0*o - 1. Let k be (-158)/(-18) + (-6)/(-27). Let z be a(k). Calculate the highest common divisor of 24 and z.
3
Suppose 0 = -3*g + 4*d + 158, d = 3*g - g - 102. Suppose -g = -4*i + 30. Calculate the highest common factor of i and 5.
5
Suppose -136 = -4*v + 280. Suppose t = 5*z - 0*z + v, -4*t + 416 = -z. Calculate the highest common divisor of 13 and t.
13
Let i(j) = -7*j**2 + 4*j**3 - 3*j**3 + j + 2*j**2. Let s be i(5). Let q be 838/4 - s/10. What is the greatest common divisor of 19 and q?
19
Let q(s) = 5*s + 55. Let m be q(12). Suppose 3*z = -2*z + 115. What is the highest common factor of m and z?
23
Let n(h) = h + 27. Let k be n(-10). Calculate the highest common divisor of 17 and k.
17
Let u(g) = g**3 - 8*g**2 - 11*g + 9. Let f be u(9). Let l = 23 + f. Calculate the greatest common divisor of 21 and l.
7
Let k(c) = -c**2 - 5*c + 9. Let d be k(-6). Let m = 3 + -1. Suppose m*p = 5*f + 66, 2*p + f - 66 = 2*f. Calculate the highest common factor of p and d.
3
Suppose -5*h - 25 = 0, -3*b - 2*h - 26 = -5*b. Let g be 1/(-4) + 554/b. What is the greatest common divisor of g and 46?
23
Let f(c) = 2*c - 9. Let q be f(6). Let y(n) = n**2 + 11*n - 10. Let h be y(-12). What is the greatest common divisor of q and h?
1
Suppose 4*u - 274 = -3*s, 4*u - u - 5*s = 220. Suppose u = 5*c - 10. Calculate the greatest common factor of c and 32.
16
Let q(b) = b**3 + 6*b**2 - 9*b - 3. Let y = 0 + -6. Let g be q(y). Calculate the greatest common factor of 34 and g.
17
Let z be 82/24*2 + 8/48. Calculate the greatest common factor of z and 49.
7
Suppose -4*d - 1 = -4*n + 3, -4*n - 1 = -5*d. Let h(p) = p**3 - 6*p**2 + 2*p - 8. Let m be h(n). Calculate the greatest common factor of 28 and m.
4
Suppose -4*g - 157 = -49. Let i = g + 39. Calculate the highest common divisor of i and 12.
12
Let x(o) = o**2 + 3*o + 2. Let a be x(-5). Suppose 23*r - 24*r = -96. Calculate the highest common factor of a and r.
12
Let i(x) = 3*x**2 + 4*x - 5. Let y be i(2). What is the greatest common divisor of y and 6?
3
Suppose -3*x = 3*n - 59 - 19, 4*x = -2*n + 100. Suppose -2*c = -5*c + 33. Suppose -g = -5 - c. What is the highest common factor of x and g?
8
Let w(a) = a**2 - 5*a - 8. Let n be w(13). What is the greatest common divisor of 12 and n?
12
Suppose -5 = 5*f - 35. What is the greatest common divisor of f and 6?
6
Let y = 9 - 6. Suppose 0 = 3*g - 2*v - 34, -7 = 2*g + 4*v - y. Calculate the highest common factor of g and 8.
8
Let n(y) = -y**3 - y**2 + y + 1. Let m be n(2). Let v be (-68)/(-5) - (-2)/5. Let k = m + v. What is the greatest common divisor of k and 10?
5
Suppose 3*i - 3*v = 24, 3*i + 0*v -